- b - v + 14, -5*v = l*b - 56. Does 5 divide b?
False
Let f = 29 - -1. Is f a multiple of 9?
False
Let n(c) = 14*c**3 + 41*c**2 - 32. Let b(s) = -5*s**3 - 14*s**2 + 11. Let x(r) = 17*b(r) + 6*n(r). Let d be x(7). Does 12 divide ((-1)/2)/((-1)/d)?
False
Suppose -w + 5 + 10 = 0. Suppose 7*x - w = 2*x. Is x a multiple of 2?
False
Suppose -24 = -4*n + 4*w, 3*n - 1 = -2*w - 3. Let b(t) = t**2 + 4*t - 4. Let c be b(-6). Let h = c - n. Is h even?
True
Let r(n) = -n - 1. Let z(y) = -5*y**2 + 3*y + 2. Let g(w) = 2*r(w) - z(w). Is 14 a factor of g(4)?
True
Let g(h) = h**3 + 8*h**2 + h + 2. Let d = -7 - 1. Let w be g(d). Is 12 a factor of (0 - 9)*8/w?
True
Suppose -w + 13 = -4*w + 4*d, -3 = w - 2*d. Let i(j) = -9*j - 8. Is 16 a factor of i(w)?
False
Let c(m) = -2*m**3 + 2*m**3 + 2*m**3 - 2*m**2 - 2*m. Let a be (-3)/((-1 - 0) + 0). Is 11 a factor of c(a)?
False
Suppose -3*g - 23 = -8. Is 7 a factor of 2*(105/(-6))/g?
True
Suppose -6*s = -s + 4*m - 164, 0 = -m - 4. Is 6 a factor of s?
True
Let b(g) = -2*g**2 - 2*g + 2. Let c be b(-2). Suppose 5 = 2*m - 7*m. Does 18 divide 20 + m*(-2)/c?
False
Let x be 3/(-3) + 1 + -9. Let z = 20 - x. Suppose 4*o + 35 + z = 4*w, -5*w + o + 100 = 0. Is w a multiple of 21?
True
Let t(p) be the third derivative of -1/6*p**3 + p**2 + 0*p + 0 + 3/8*p**4. Is t(3) a multiple of 13?
True
Suppose 0 = -z + 5*q + 271, -3*q - 23 - 244 = -z. Suppose z = 5*x - 2*d, 4*x + 2*d = -d + 195. Suppose -4*b = -b - x. Is b a multiple of 17?
True
Suppose -20*x + 115 = -15*x. Is 7 a factor of x?
False
Let o be 4/6 + (-20)/(-15). Suppose o*d + 22 = 3*d. Does 11 divide d?
True
Let f(o) = o**3 + 5*o**2 - 6*o + 2. Let b be f(-6). Suppose -3*m - b*m = 5. Does 5 divide (0 - m - -4)*1?
True
Let o(j) = 6 - 2 - 4 - 9*j. Is 3 a factor of o(-1)?
True
Let r = -6 + 10. Suppose 0 = r*t - 3*t - 3*j + 7, -4*j + 4 = -4*t. Suppose t*u + u = 15. Is u a multiple of 2?
False
Suppose f + 2*p + 11 = -2*p, -5*f - 2*p + 35 = 0. Does 9 divide f?
True
Does 12 divide 331/7 + -1 + 5/7?
False
Suppose 4*o = -2*a + 200, 8*o = 4*a + 3*o - 374. Is 19 a factor of a?
False
Let n be (-12)/14*(-7 - 0). Let k be n/(2/(-4) - 1). Does 8 divide k/(2*1/(-11))?
False
Let p = -450 + 176. Does 15 divide p/(-10) + (-2)/5?
False
Let o(d) = 2*d**2 + 6*d - 4. Let b be o(-5). Let h be b - (0 - (-4 - -2)). Suppose -12 = -2*s + h. Is s a multiple of 10?
False
Let o(h) = h**2 + 8*h. Let d be o(-6). Is (-16)/d*(-12)/(-1) a multiple of 8?
True
Let o(b) = b**2 + 6*b + 9. Does 18 divide o(-11)?
False
Let m be -7*((-52)/14 + 2). Let b be -24*(-2 - m/(-9)). Let r = -8 + b. Is 4 a factor of r?
True
Let m be (-14)/((1 - 3)/(-2)). Let b = 33 + m. Does 9 divide b?
False
Let t be ((-10)/4 + 2)*0. Suppose t*f - 5*f = 0. Let d(n) = -n**2 + n + 28. Is 14 a factor of d(f)?
True
Suppose -5*d + q = -3 - 228, -5*q = -3*d + 143. Is 46 a factor of d?
True
Let c be (3*-1)/(-6)*0. Let g be -5 - -8 - (-1)/(-1). Suppose g*z + z - 66 = c. Is z a multiple of 11?
True
Let r = 7 - 0. Suppose -n - r = 5*z + 3, -2*z = 8. Does 3 divide n?
False
Let i(n) = 2*n - 4. Is i(5) a multiple of 4?
False
Let m be 5 + (-2)/6*-3. Suppose -2*r - 32 = -m*r. Let a = 24 - r. Is a a multiple of 9?
False
Let g = 911 - 516. Is 33 a factor of g?
False
Let v be 76 - (3 - (-6)/(-3)). Let w = -8 + v. Is 18 a factor of w?
False
Let d = 6 - 8. Is ((-1)/(-2) - d)*10 a multiple of 13?
False
Suppose 0 = -5*n + 2*v + 102 - 35, -n = 2*v - 23. Is n a multiple of 15?
True
Let o(z) = 1. Let i(l) = 3*l + 2. Let u(j) = i(j) - 3*o(j). Let d(g) = -3*g. Let b be d(-1). Does 8 divide u(b)?
True
Suppose -r + 2 = -13. Let m be (-2 + -3)/((-2)/4). Suppose b - r = m. Does 12 divide b?
False
Let h(q) = -q + 18. Let v be h(16). Suppose 160 = 2*t + v*t. Is 10 a factor of t?
True
Is -3 - -3*(-68)/(-4) a multiple of 6?
True
Suppose 2*k = -4*z - 16, k + 2*k - 16 = 4*z. Let r = k + 41. Does 13 divide r?
False
Let i(g) = -57*g**3 + g**2 + 2*g + 2. Is i(-1) a multiple of 14?
False
Let d be (-2 + 2 - 276)*-1. Does 7 divide d/14 - (-4)/14?
False
Suppose -3*u - 162 = -5*k, -5*k + 2*u + 166 = -2*u. Suppose k = -5*g + 225. Does 18 divide g?
False
Suppose 4*s = -0*s - 20, -25 = -2*u + 5*s. Suppose u = -z - 2*v + 24, 2*v - 3*v - 141 = -4*z. Does 9 divide z?
False
Let z(j) = 6*j + 2. Suppose 0 = -2*d - 7 + 21. Is 14 a factor of z(d)?
False
Suppose 0 = s - 2*c, -s = -4*s - 4*c - 30. Is 4 a factor of (9/s)/((-1)/6)?
False
Let k = 11 - 4. Suppose 2*l + 15 = k*l. Suppose -l*w + 78 = -0*w. Does 11 divide w?
False
Let t(l) = 11*l - 8. Does 11 divide t(6)?
False
Suppose 0 = 5*p + 5*x - 40, 0*p - 4 = -p + 3*x. Let w(k) = k + 2. Let a be w(-5). Let h = p + a. Is h a multiple of 4?
True
Suppose 0 = -5*d + 76 + 44. Does 3 divide d?
True
Suppose -r + 2 + 0 = 0. Let m = 1 - r. Is 6 a factor of (-13)/(-1) - (m + 2)?
True
Let v(i) = i**2 + 2*i + 5. Let u be v(5). Suppose 3*y + 28 = -17. Let n = u + y. Does 11 divide n?
False
Suppose -160 = -5*s - 0*f - f, 5*f - 8 = -s. Is 5 a factor of s?
False
Let o(t) = -19*t**2 - 3*t + 2. Let n be o(2). Is 4 a factor of 9/(-6)*n/12?
False
Suppose 4*k = 44 - 180. Let a = k + 57. Is 5 a factor of a?
False
Let i = 76 - -125. Suppose -5*f + 2*f + i = 0. Is 33 a factor of f?
False
Let q(x) = x**3 + 8*x**2 + 5*x + 5. Is q(-7) a multiple of 4?
False
Let p(b) = 29*b**3 - 3*b**2 - b + 2. Let r be p(2). Suppose 0 = -2*c - 4*m + 76, 0 = 5*c - 0*m + 4*m - r. Is c a multiple of 24?
True
Let r = -5 + 23. Is 18 a factor of r?
True
Let x be (0 + 3)/(3/3). Let q(f) = -f**3 + 4*f**2 + f - 1. Is q(x) a multiple of 7?
False
Suppose 0 = -i + 23 - 9. Is 14 a factor of i?
True
Let c(x) = -x**2 - 12*x + 3. Let t be c(-12). Does 3 divide 14*(-3 + t + 1)?
False
Let g(i) = 11 + 5 - i + 2*i + 0*i. Is 3 a factor of g(-11)?
False
Let i(o) be the second derivative of -o**5/60 - 7*o**4/24 - o**3/2 - o**2/2 + o. Let w(z) be the first derivative of i(z). Is 7 a factor of w(-5)?
True
Suppose 102 = -0*w + 2*w. Is w a multiple of 17?
True
Let s = -593 + 841. Is s a multiple of 31?
True
Let d(t) = -13*t**2 + 6*t - 2. Let l(c) = -14*c**2 + 7*c - 2. Let o(i) = 3*d(i) - 2*l(i). Let j be o(2). Let y = -25 - j. Is 13 a factor of y?
True
Let k(n) = 5*n**2 + 4*n - 1. Does 8 divide k(-3)?
True
Let j = -18 + 62. Is 22 a factor of j?
True
Let w be (-3)/((-4)/(-12)*3). Is 7 a factor of 6*4*1 + w?
True
Let o(d) = 36*d - 2. Is 14 a factor of o(2)?
True
Suppose -3*y + 4*v = -238, 4*v + 13 = -3. Does 26 divide y?
False
Suppose 4*z - 20 = -z. Let m be (-3)/((-6)/z - 0). Suppose 2*q - 56 = -m*q. Is q a multiple of 8?
False
Is 8/(40/645) - (0 + 1) a multiple of 16?
True
Let p(i) = -i**2 + i - 3. Let x(f) = f**3 - 5*f**2 + f. Let l be x(5). Let v(t) = 2*t**2 - 3*t + 7. Let b(q) = l*p(q) + 3*v(q). Is b(-5) a multiple of 18?
False
Is 14308/70 - 4/10 a multiple of 34?
True
Suppose 0 = 5*d - 2 - 23. Suppose -4 = -4*o, -o + 217 = -n + d*n. Is n a multiple of 32?
False
Is 16 a factor of -4 + 41 + 1/(-1)?
False
Let n be (-4)/22 + (-24)/(-11). Suppose n*h = -56 + 158. Is h a multiple of 14?
False
Is 6 a factor of -3 - (-2 + 21/(-1))?
False
Suppose -7*h + 2*h + 1615 = 0. Is 24 a factor of h?
False
Let m(q) = 4*q**3 - q**2 - q - 1. Let l be 2/11 - 280/(-154). Is m(l) a multiple of 7?
False
Suppose q - 6*q - 69 = -3*v, 5*q - 23 = -v. Let w be (3 - 5) + (v - 0). Suppose a - w = -2*a. Is a a multiple of 7?
True
Suppose 10*l - 11*l = -343. Let x = l - 208. Does 36 divide x?
False
Let t = 3 + -3. Let i be (1 - t)*(-36)/2. Let m = i + 62. Does 22 divide m?
True
Suppose -2*s - 14 = -0*s. Suppose g - 11 + 75 = 3*f, 0 = f - 2*g - 18. Let w = s + f. Is 15 a factor of w?
True
Let z be 2 + (-3 - -2) + -3. Is 8 + z/(2 + -1) a multiple of 2?
True
Let k(a) = 7*a - 1. Let f be k(1). Let o = 24 + f. Is 12 a factor of o?
False
Suppose 0 = -3*v + 6 - 0. Suppose -5*b + x - 5*x = -165, v*x - 33 = -b. Is 17 a factor of b?
False
Let c(d) = -2*d**2 - 2*d + 3. Let n be c(-9). Let a = n + 206. Does 18 divide a?
False
Is ((-8)/12)/((-987)/981 - -1) a multiple of 47?
False
Suppose 5*n = 3*n + 12. Let h(u) = u**3 - 7*u**2 + 7*u + 4. Does 5 divide h(n)?
True
Let i = -18 + 20. Is 60 + (-2)/(i - 3) a multiple of 27?
False
Suppose 0 = 5*u - 0*u - 430. Does 32 divide u?
False
Suppose -4*s + 146 = -u, 2*s - 33 = 5*u + 49. Is 12 a factor of s?
True
Let m be 497 - (